 - 12 = 6*b - 9*b, 4*b + 5*p = 16. Suppose 3*m - 1639 = 5*f, 7*f + 6 = b*f. What is the hundreds digit of m?
5
Suppose 0 = -5*h - 5*o + 500, -167 = -2*h + 3*o + 8. Let g = h - 96. What is the units digit of ((3/(-4))/g)/((-1)/(-12))?
9
Let g be -3*(-2 - 25180/12). Suppose -15311 = -17*z - g. What is the tens digit of z?
3
Suppose -2*k = -3*p - 4, -2*p - 15 = 5*k + 13. Let q(f) = -17*f + 34. What is the units digit of q(k)?
2
Let p be -3*1/(-3) + 7. Let r = 102 - 99. Suppose r*s - 2*w - 463 = 0, -s + 3*w = p*w - 143. What is the hundreds digit of s?
1
Let m = 98 - -19. Suppose -3*k = 3*i + 114, -4*k + m = -4*i - k. What is the tens digit of 372/11 + (-6)/i?
3
Let d(m) = m**2 + 10*m + 11. Let u be d(-12). Let v be (-4)/(-5) - (-1092)/u. What is the tens digit of v/((-15)/10*2/(-6))?
6
Suppose 5*y - 46 + 26 = 0. Suppose 2*l - y*l - 46 = 0. Let o = -21 - l. What is the units digit of o?
2
Suppose -2*f = l - 59628, -20*l + 119252 = 4*f - 17*l. What is the ten thousands digit of f?
2
Let u be (-8)/((-40)/(-3411)) + (-8)/10. Let m = -464 - u. What is the units digit of m?
9
Suppose 1631*o - 1629*o = 0, x + 5*o - 43009 = 0. What is the thousands digit of x?
3
Let y = 7 + -33. Suppose -276 = -4*p - 20*t + 15*t, t - 276 = -4*p. Let n = p + y. What is the tens digit of n?
4
Let z = -21 - -17. Let p(i) be the second derivative of -i**5/20 + 7*i**3/6 - i**2 + 153*i - 2. What is the tens digit of p(z)?
3
Let t be 19/((-5)/12*(-3)/(-10)). Let s = -71 - t. Let d = s + 26. What is the units digit of d?
7
Suppose -3*i - h = -233021, -3*h = -1 - 14. What is the tens digit of i?
7
Let x be ((-35)/(-2) + 1)*-14. Suppose 0 = 99*w - 102*w + 1500 - 381. Let j = w + x. What is the hundreds digit of j?
1
Suppose 0 = -42*l + 131249 + 75475. What is the thousands digit of l?
4
Let n = 2117 - 1476. Suppose -3*t + n = 143. Suppose -t = -4*z + 346. What is the units digit of z?
8
Let c(b) = b**2 - 9*b - 5. Let x be c(10). Suppose 0 = 2*d + 4, -751 = -x*i - d + 177. Let f = i + -110. What is the tens digit of f?
7
Suppose b + b = 0. Suppose 2*u - 3*i - 265 = b, i = 4*u + 2*i - 565. What is the hundreds digit of u?
1
Suppose 14*x = 172 - 18. What is the hundreds digit of x/(55/15) + 1065?
0
Suppose -12*l + 1191 + 209628 = 9*l. What is the ten thousands digit of l?
1
Let j = 54798 + -32192. What is the units digit of j?
6
Let u = 305 - 303. Suppose -5*f - 51 + 272 = u*t, -4*f + 169 = -t. What is the tens digit of f?
4
Suppose -3990 = -8*g - 7*g. Suppose 13*p - 15*p = -g. What is the tens digit of p?
3
Suppose -5*g = -16*g. Suppose 11*i - 7*i - 292 = g. What is the units digit of i?
3
Let y = 1532 - 47. Suppose y = 3*o + 2*o. What is the hundreds digit of o?
2
What is the thousands digit of 4/38 + (230720/152 - -3)?
1
Let b = -13506 - -20360. What is the tens digit of b?
5
Suppose -s - 261 = 2*s - 4*z, 2*z = 6. Let o = -79 - s. Suppose -4*y - o*h = -h - 573, -2*h - 558 = -4*y. What is the tens digit of y?
4
Suppose 151*p - 152*p + 4 = 0. Suppose -5*k - 1268 = -6*d + 3*d, 5*d + p*k - 2175 = 0. What is the tens digit of d?
3
Let m = 13734 - -832. What is the hundreds digit of m?
5
Let q(x) = -x**2 - 15*x + 45. Let d(l) = l**2 - 1. Let g(h) = 6*d(h) + q(h). What is the tens digit of g(11)?
7
Let c = -65711 - -98491. What is the units digit of c?
0
Suppose -4*f + 5*x + 250 = 7*x, 0 = -3*f - 3*x + 180. What is the tens digit of -11*-4*f/10?
8
Suppose 0 = -7*g - 104 + 6. Let f(x) = -19*x + 40. What is the units digit of f(g)?
6
Let b(s) = -4*s + 8. Let j be b(12). Let i = j - -43. Suppose 31 = 3*f + r - 13, i*r = -5*f + 68. What is the units digit of f?
6
Let s = -2339 - -5206. What is the thousands digit of s?
2
Suppose 0 = 26*o + 10*o - 44605 + 8929. What is the hundreds digit of o?
9
Let f(v) = -5*v - 60. Let k be f(-12). Suppose k = 2*y - 3*m + 25, m + 5 = 3*y - 4*y. What is the units digit of 4/y + (-3)/(-2) + 207?
8
Let w(m) = -18*m - 41. Let n(a) = -9*a - 21. Let t(c) = -5*n(c) + 2*w(c). Let h(u) = 35*u + 91. Let p(k) = -2*h(k) + 9*t(k). What is the units digit of p(7)?
2
Let t be (1 - 3) + 2930 + -17. Suppose 3*l + j = t, l - 3*j = 6*l - 4849. What is the units digit of l?
1
Let j be (39/15 - 3)*(-35)/1. What is the units digit of (7668/8)/3 + (-21)/j?
8
What is the thousands digit of -4 + (-10 - (-122)/12) + 69425/6?
1
Suppose -294 = -y + v, -305 = -4*y + 2*v + 867. Suppose c + 3*b = y, 33*c - 4*b = 32*c + 306. What is the units digit of c?
8
Let k = 23990 + -19951. What is the units digit of k?
9
Suppose 134836 = 135*y - 1126603 - 586306. What is the units digit of y?
7
Suppose 3*w - 2*w = -19747. Suppose 0 = 4*d + 8, -4 + 0 = -b + 2*d. What is the tens digit of w/(-245) + (b - 2/(-5))?
8
Let o be -11 + 13 - (-1 - 0). Suppose m = o, 3*v - 547 - 221 = -5*m. What is the tens digit of v?
5
Suppose 0 = -d - 2*x + 2752 + 336, 3*x - 15461 = -5*d. Suppose 874 = -6*o + d. What is the hundreds digit of o?
3
Let t(z) = 2*z + 11. Let f(o) = -o**2 - o. Suppose 4*s - 2*i - 7 = 3*s, 4*s + 3*i = -16. Let u(y) = s*t(y) - 2*f(y). What is the units digit of u(-6)?
1
Let h = -142 - -146. Suppose 9*o = -4*x + 6*o + 63, 33 = h*x - 3*o. What is the tens digit of x?
1
What is the tens digit of -3 + 1 + 3288 + 10?
9
Let t(s) = 30*s + 2055. Let o be t(-93). Let q = 5 + -14. What is the hundreds digit of (o/q - 3)*6/4?
1
Let y(v) = -187*v**3 + 2*v**2 + 3*v + 2. Let w be -1 + -2 - (3 + -9 + 4). Let q be y(w). Suppose 12*z - q = 808. What is the tens digit of z?
8
Let g be (-1)/(-2)*29*2. Suppose -2*y = f - 226, 8*y + 3*f + 432 = 12*y. Suppose 2*t + 2*h = 56, g + y = 4*t - 3*h. What is the tens digit of t?
3
Let o(f) = -117*f**3 + 2*f**2 - 2*f - 3. Let w be o(-1). Suppose -115*p - 510 = -w*p. Let u = p + -28. What is the hundreds digit of u?
1
Let x = 1374 + -1259. Let f(q) = 6*q**3 - 2*q + 1. Let j be f(1). Suppose -j*o + x = -200. What is the tens digit of o?
6
Let v be 164/2 - 44/11. Let l = -78 + v. Suppose l = r - 56 - 76. What is the tens digit of r?
3
Let r(k) = -184*k + 5. Let a(n) = 184*n - 4. Let q(w) = -6*a(w) - 5*r(w). Let o be q(-6). Suppose -138 = 5*f - o. What is the hundreds digit of f?
1
Suppose 0 = -u - 4 - 1, -78 = -c - u. Suppose -4*w - 52 = 3*p + c, -3*p + 5*w = 135. What is the hundreds digit of (0 - -3) + p/(-5)*18?
1
Suppose -10 = 5*x, -3*v - 13*x + 497 = -17*x. Suppose 0 = -d - 2*d - 294. Let t = v + d. What is the tens digit of t?
6
What is the tens digit of -4*(-2)/44 - ((-1321796)/44 - 0)?
4
Suppose -3*b - 3*m + 8 + 7 = 0, -b + 8 = 4*m. Suppose -b*a - 2*i = -0*i - 2530, 0 = -5*a - 3*i + 3162. What is the tens digit of a?
3
Let a = -25521 - -36123. What is the hundreds digit of a?
6
Suppose 7*w - 20 - 120 = 0. Suppose w*p - 14522 = -3882. What is the units digit of p?
2
Let h be (-5)/(-1 - 12/8). Suppose -4*s = -3*c + 3533, 20*c + 2352 = 22*c - h*s. What is the units digit of c?
1
Let v = 3508 - -489. What is the hundreds digit of v?
9
Let h(n) be the third derivative of -19*n**4/24 - 74*n**3/3 - 30*n**2. What is the hundreds digit of h(-31)?
4
Let l(d) = -11*d + 10. Let g be l(7). Let o be (-1 - 1 - 303)*-1. Let n = g + o. What is the hundreds digit of n?
2
Let l = 43671 - 30421. What is the thousands digit of l?
3
What is the thousands digit of (638/198)/(28/276444)?
1
Let j(y) = -11*y**3 - 5*y**2 + 29*y + 4. Let b be j(4). Suppose -3*w - 2*w - 4740 = 0. Let v = b - w. What is the hundreds digit of v?
2
Suppose -67*o + 70*o - 12 = 0. Suppose -4*k - o*l - 1 = -5*l, 4*k - 5*l + 5 = 0. Suppose -630 = -9*h - k*h. What is the units digit of h?
0
Suppose -19 = -t + c + 12, -t - 4*c = -41. Let z be 14*(1/(-3))/((-2)/t). Let b = -45 + z. What is the tens digit of b?
3
Let u(q) be the second derivative of 3*q**4/4 - q**3/3 + 15*q. Let m be u(2). Suppose -p = -35 - m. What is the units digit of p?
7
What is the thousands digit of ((-4630)/(-225) + 6/27)*(-15235)/(-22)?
4
Suppose 0 = -5*g - 4*i + 234, -2*g + 6*i + 120 = i. Let t = g + -63. Let o = t + 44. What is the units digit of o?
1
Suppose 2*k = 5*b - 14, 4*b - 1 = -3*k + 8*k. Suppose 5*r = l - 37, -k*l + 2*l + 3*r + 39 = 0. What is the tens digit of l?
4
Suppose -15*q - 3696 = -258936. What is the ten thousands digit of q?
1
Let o = 129 + -128. Let q(g) = 2*g**3 + 4*g**2 - 4*g + 2. Let v be q(o). Suppose -4*r + 100 = v*c, 